{"id":157,"date":"2022-06-17T08:46:51","date_gmt":"2022-06-17T07:46:51","guid":{"rendered":"http:\/\/www.media-koncept-dizajn.hr\/financije\/?page_id=157"},"modified":"2022-06-17T08:47:04","modified_gmt":"2022-06-17T07:47:04","slug":"prigovori-klijenata","status":"publish","type":"page","link":"http:\/\/www.media-koncept-dizajn.hr\/financije\/prigovori-klijenata\/","title":{"rendered":"Prigovori klijenata"},"content":{"rendered":"<p>Cijenjeni klijenti!<\/p>\n<p>Po \u010dl. 8. Zakona o za\u0161titi potro\u0161a\u010da, pisane prigovore klijenata primamo na adresu:<\/p>\n<p>MEDIA KONCEPT DIZAJN d.o.o.<\/p>\n<p>Ante Pandakovi\u0107a 11, 10 000 Zagreb<\/p>\n<p>OIB: 52019897393<\/p>\n<p>Ili elektroni\u010dkom po\u0161tom na e-mail:<\/p>\n<p><a href=\"mailto:info@media-koncept-dizajn.hr\">info@media-koncept-dizajn.hr<\/a><\/p>\n<p>Na Va\u0161 prigovor \u0107emo pismeno odgovoriti u zakonskom roku od 15 radnih dana.<\/p>\n","protected":false},"excerpt":{"rendered":"<p>Cijenjeni klijenti! Po \u010dl. 8. Zakona o za\u0161titi potro\u0161a\u010da, pisane prigovore klijenata primamo na adresu: MEDIA KONCEPT DIZAJN d.o.o. Ante Pandakovi\u0107a 11, 10 000 Zagreb OIB: 52019897393 Ili elektroni\u010dkom po\u0161tom &#8230;<\/p>\n","protected":false},"author":1,"featured_media":0,"parent":0,"menu_order":0,"comment_status":"closed","ping_status":"closed","template":"","meta":[],"_links":{"self":[{"href":"http:\/\/www.media-koncept-dizajn.hr\/financije\/wp-json\/wp\/v2\/pages\/157"}],"collection":[{"href":"http:\/\/www.media-koncept-dizajn.hr\/financije\/wp-json\/wp\/v2\/pages"}],"about":[{"href":"http:\/\/www.media-koncept-dizajn.hr\/financije\/wp-json\/wp\/v2\/types\/page"}],"author":[{"embeddable":true,"href":"http:\/\/www.media-koncept-dizajn.hr\/financije\/wp-json\/wp\/v2\/users\/1"}],"replies":[{"embeddable":true,"href":"http:\/\/www.media-koncept-dizajn.hr\/financije\/wp-json\/wp\/v2\/comments?post=157"}],"version-history":[{"count":1,"href":"http:\/\/www.media-koncept-dizajn.hr\/financije\/wp-json\/wp\/v2\/pages\/157\/revisions"}],"predecessor-version":[{"id":158,"href":"http:\/\/www.media-koncept-dizajn.hr\/financije\/wp-json\/wp\/v2\/pages\/157\/revisions\/158"}],"wp:attachment":[{"href":"http:\/\/www.media-koncept-dizajn.hr\/financije\/wp-json\/wp\/v2\/media?parent=157"}],"curies":[{"name":"wp","href":"https:\/\/api.w.org\/{rel}","templated":true}]}}